t of w(-1)?
4
What is the units digit of -20*1830/(-40) + 2?
7
Let y(j) be the second derivative of 13*j**4/12 - j**3/2 - j**2 + 40*j. What is the tens digit of y(-4)?
1
Suppose 5*n + 65 - 80 = 0. Suppose -n*x - 3*w + 1458 = 0, 5*x + 15*w = 14*w + 2422. What is the tens digit of x?
8
Let f(k) be the second derivative of 7*k**4/4 - 5*k**3/3 - k**2 + 24*k. Let y be f(-3). Let j = y - 37. What is the tens digit of j?
8
Let x = 5911 + 1795. What is the tens digit of x?
0
Suppose -462 = -31*c + 10*c. Let x(i) = i**2 - 21*i + 63. What is the units digit of x(c)?
5
Let n(f) = 284*f**2 - 100*f - 370. What is the units digit of n(-4)?
4
Let t(g) = 3*g**2 - 6*g - 3. Let i be t(-1). Let f be 0*(-30)/(-20)*(-4)/i. Suppose f = z - 1, -3*m - 2*z + 419 = 3*z. What is the tens digit of m?
3
Let q = 95 - -379. Suppose -q*s = -494*s + 16580. What is the tens digit of s?
2
Suppose m = 2*m - 90. Let l = -50 + m. Let t = 98 - l. What is the units digit of t?
8
Suppose -92*r + 40420 = -90*r + 4*x, -3*r + 60630 = 3*x. What is the units digit of r?
0
Suppose -h + 21 = 2*t + 2*h, 5*h + 17 = t. Let x(i) = 2*i**2 + 11*i - 8. What is the units digit of x(t)?
2
Suppose -35*w - 35 = -30*w. What is the units digit of (-3)/(-2*w/(-1680))?
0
Let u = -972 - -590. Let z = 645 + u. What is the tens digit of z?
6
Let d be (7 - 1) + 2 - (-9 + 12). Let j = 100 + -53. What is the hundreds digit of j*(d + -2) + (-1)/(-1)?
1
Let y(i) = 26*i - 6. Let j(l) = -8*l + 2. Let b(g) = -16*j(g) - 5*y(g). Let z be b(-6). What is the tens digit of (-473)/(-3) + (-4 - z/(-3))?
5
Suppose -12 = -3*x + 5*x. Let w(s) = -s + 5. Let o be w(x). Suppose 36 = j + o. What is the tens digit of j?
2
Suppose -55 = 5*a + 3*b, 5*a + 2*b + 45 = b. Let y = a - -61. Let v = -19 + y. What is the tens digit of v?
3
Suppose 3*j = -5*a + 61305, j - 20435 = 239*a - 243*a. What is the thousands digit of j?
0
Suppose 3*k - 2*p = 260647, 19*k - 3*p = 10*k + 781917. What is the ten thousands digit of k?
8
What is the thousands digit of 16197*1*(34/(-6) + 6)?
5
Suppose -3*h + 705 = -t + 2681, 1968 = t - 5*h. Suppose 0 = 5*s, t = 3*f + f - 5*s. What is the tens digit of f?
9
What is the tens digit of 192/80*9/(-27)*(-15552 - -2)?
4
Let u(t) = -45*t - 259. Let i(n) = -2*n + 3. Let o(p) = 5*i(p) + u(p). What is the hundreds digit of o(-11)?
3
Let d be ((-112)/24)/(4/(-6)). What is the tens digit of d - 1 - 1050/(-5)?
1
What is the tens digit of (-6861 - 0 - 58/290)/((-12)/30)?
5
Suppose -3*w - 7042 = u, -4*u + w - 28148 = 3*w. What is the hundreds digit of ((-12)/24)/(2/u*1)?
7
Suppose -27*w - 87916 = -1156009. What is the units digit of w?
9
Let a be -171 + 1*(-2 - (-3 + 1)). Let s be a/(-4) - ((-153)/36 + 5). Suppose -2*w = -4*w + s. What is the units digit of w?
1
Suppose -19*m - 5203 = -2*t - 22*m, 5 = m. Suppose -t = 10*q - 18664. What is the units digit of q?
7
Let q = 7493 + 33972. What is the units digit of q?
5
Let t(k) = k**2 - 16*k - 897. Let q be t(39). Let c be (-1)/4*-2*32. Suppose s - 143 = -q*s + 4*h, 4*h + c = 0. What is the units digit of s?
7
Let w be (-7 + 6)*(9/(-3) - -3). Let c(j) = -j**3 - 5*j**2 - 10*j - 7. Let t be c(-6). What is the tens digit of (t - (7 - 3)) + w?
8
Let o be (-6 + 0)/(4 - 8 - -5). Let v be o/(-2) + 20*3. What is the tens digit of ((-4)/12)/((-1)/v)?
2
Let y be 3*((-4)/(-3))/4. What is the tens digit of ((-5)/((-5)/443))/y?
4
Let l = -51745 - -103096. What is the tens digit of l?
5
Let p(v) = -v**3 - 11*v**2 + 9*v - 33. Let g be p(-12). Suppose -4*n - g*n = -2226. What is the units digit of n?
8
Let k be 2 - ((-2)/6 - (-74)/(-3)). Suppose t - 63 = -k. Suppose 4*g - 8*g + t = 0. What is the units digit of g?
9
Let s(x) = 259*x - 1213. What is the hundreds digit of s(13)?
1
Let a = 356 + -231. Let m = a - -598. What is the units digit of m?
3
Let l = -1160 - -2776. What is the units digit of l?
6
Let k(r) = -r**3 + 20*r**2 - 30*r - 1. Let u be 0 + 16 + (-2)/(-2). What is the hundreds digit of k(u)?
3
Let b(p) = -3 + 9*p + 73*p**3 - 4 + 11*p - 2*p**2 - 18*p. What is the hundreds digit of b(2)?
5
Let p = 58557 + -32282. What is the hundreds digit of p?
2
Suppose -11*g - 267 = -14*g. Let p = 197 + -37. Suppose f = 3*f - 2*o - p, 4*o = f - g. What is the units digit of f?
7
Let i(x) = 2*x**3 - 49*x**2 - 72*x + 50. What is the units digit of i(31)?
1
Suppose -h + 17 = -1. Suppose h*u - 30336 = -14*u. What is the tens digit of u?
4
Suppose 0 = 4*f - 20, -6 = -p + 5*f + 25. What is the hundreds digit of ((-2)/(-6)*p)/(11/66)?
1
Suppose 14*x + 310119 = -22*x + 2087295. What is the hundreds digit of x?
3
Let y be (-54)/15*(-520)/16. Let r = 709 + y. What is the units digit of r?
6
Let k(j) = 4*j**2 - 10*j + 6. Let r be k(4). Suppose 0 = -3*v - 3*t + r, -v - 2*t = -0*t - 8. Suppose 364 = v*s - 5*s. What is the tens digit of s?
5
What is the units digit of (-90)/1125 - 221004/(-50)?
0
Let b(v) = 4*v**2 - 83*v - 70. Let q be b(27). Let o = q + 168. What is the hundreds digit of o?
7
Let s be (-4)/(-16) + -1 + (-1)/4. Let g = 4 - s. Suppose 220 = g*q - 0*q. What is the units digit of q?
4
Suppose 0 = l + 5*m - 9*m + 5, -3*m = 3*l - 15. Suppose -5*p + 5 + 10 = l*b, 0 = -2*b - 10. Let n(h) = 5*h**2 + h + 6. What is the tens digit of n(p)?
9
Let o be 9/(-30) + 6/20. Suppose 5*n + 2*a - 737 = 0, n - 6*n + 4*a + 761 = o. What is the hundreds digit of n?
1
Let y be (32450/(-15))/(-11)*6/4. Suppose -600 = -2*o - 0*u + 3*u, 0 = -o + 4*u + y. What is the hundreds digit of o?
3
What is the units digit of 7/(-2)*(-1626 + 80)?
1
What is the thousands digit of -6*(-39 + 37)/((-12)/(-29021))?
9
Let d(a) = -2*a**3 + 28*a**2 - 20*a - 13. Suppose -4*k - 2*n + 40 = 0, 3*k + 5*n - 27 = 2*n. What is the hundreds digit of d(k)?
4
Suppose -40*q + 315792 = -586928. What is the thousands digit of q?
2
Suppose -20*o = 5*k - 25*o - 57120, 5*k - o - 57120 = 0. Suppose -24*x + 41*x - k = 0. What is the hundreds digit of x?
6
Let o(k) = 58*k + 3160. What is the units digit of o(48)?
4
Let q be (-15)/3 + 355 + 5. Let y = q - -899. What is the units digit of y?
4
Let i = -22 + -12. Let q = 39 + i. Suppose -3*p - 2*u + 5*u = -291, -q*u = -4*p + 391. What is the units digit of p?
4
Let v = -119 + 121. Suppose -x + 53 = v*h - 13, 0 = -5*x - 2*h + 330. What is the tens digit of x?
6
Suppose -2*o - p + 95333 = 0, -2*p = -2*o + 73946 + 21390. What is the thousands digit of o?
7
Let g = 1815 + 1052. What is the units digit of g?
7
Suppose -5*b = 4*a - 169396 - 31879, 0 = -5*a - b + 251620. What is the units digit of a?
5
Let t = 1 + 3. Suppose -58 = -2*k + 4. Suppose -t*v - k = -y, -y - 3*v = y - 51. What is the units digit of y?
7
Let s(t) = t**3 + 15*t**2 + 14*t + 6. Let b be s(-14). Let v be (-1 - 9/(-3))/(b/51). Suppose 19*j = v*j + 152. What is the units digit of j?
6
Let v be 1 - 3*10/(-15). Let r be (2 - (-2440)/15) + 1/v. Suppose 6 = 4*d - 7*d, 3*d - r = -i. What is the hundreds digit of i?
1
Suppose -22 = -z - 5*w, z - 2*w = -6*w + 19. Suppose -x = z*x - 1264. What is the hundreds digit of x?
1
What is the thousands digit of ((-192)/(-128))/(2*(-2)/(-143688))?
3
Suppose 30*l - 34*l = -3*f - 8868, 3*f - 12 = 0. What is the hundreds digit of l?
2
Let i be 30/6 - (0 + 2). Suppose -r + 21 = 2*r - 3*g, 18 = i*r - 2*g. Suppose -5*z = 5*t - 330, -z - r*t + 70 = t. What is the tens digit of z?
6
Let u = -108 - -111. Suppose 4*g + d = 2515, -u*g - d + 1895 = -2*d. Let f = g + -407. What is the hundreds digit of f?
2
Let p(q) = -12*q**2 - 5*q - 28. Let f(w) = w**2 - w. Let g(b) = -2*f(b) - p(b). What is the units digit of g(-5)?
3
Let b = 1 + -8. Let j(t) = t**3 + t**2 + t + 1. Let y(p) = -4*p**3 - 10*p**2 - 2*p. Let q(l) = -3*j(l) - y(l). What is the units digit of q(b)?
4
What is the thousands digit of (((-484)/(-22))/(-110))/(4/(-495940))?
4
Suppose 0 = -v - 52 + 51. What is the hundreds digit of 6/21 + (v - 1881/(-7))?
2
Let o = 90797 + -59528. What is the thousands digit of o?
1
Let m be 0 - (148/(-4) - -4). Suppose 3*y - 15 = -l, -2*l + 7*l - m = -y. Suppose 2*n = -l*n + 584. What is the tens digit of n?
7
Let s be (-1 - -3) + (-1)/(-3)*3. Suppose 0 = 5*h - s*r - 3758, -5*h - 6*r + 3766 = -7*r. What is the units digit of h?
4
Let g(p) = p**2 + 20*p - 87. Let k be g(-24). Suppose k*a - 1667 = 673. What is the tens digit of a?
6